[INFO] cloning repository https://github.com/AIDXNZ/rust-crdt
[INFO] running `Command { std: "git" "-c" "credential.helper=" "-c" "credential.helper=/workspace/cargo-home/bin/git-credential-null" "clone" "--bare" "https://github.com/AIDXNZ/rust-crdt" "/workspace/cache/git-repos/https%3A%2F%2Fgithub.com%2FAIDXNZ%2Frust-crdt", kill_on_drop: false }`
[INFO] [stderr] Cloning into bare repository '/workspace/cache/git-repos/https%3A%2F%2Fgithub.com%2FAIDXNZ%2Frust-crdt'...
[INFO] running `Command { std: "git" "rev-parse" "HEAD", kill_on_drop: false }`
[INFO] [stdout] bc93c8001a63b6dee22358659e1a6fa61fb222fa
[INFO] checking AIDXNZ/rust-crdt against master#9610dfe5a9a731ced1ea4923ecbd0c57fe367898 for beta-170-4
[INFO] running `Command { std: "git" "clone" "/workspace/cache/git-repos/https%3A%2F%2Fgithub.com%2FAIDXNZ%2Frust-crdt" "/workspace/builds/worker-5-tc1/source", kill_on_drop: false }`
[INFO] [stderr] Cloning into '/workspace/builds/worker-5-tc1/source'...
[INFO] [stderr] done.
[INFO] validating manifest of git repo https://github.com/AIDXNZ/rust-crdt on toolchain 9610dfe5a9a731ced1ea4923ecbd0c57fe367898
[INFO] running `Command { std: CARGO_HOME="/workspace/cargo-home" RUSTUP_HOME="/workspace/rustup-home" "/workspace/cargo-home/bin/cargo" "+9610dfe5a9a731ced1ea4923ecbd0c57fe367898" "metadata" "--manifest-path" "Cargo.toml" "--no-deps", kill_on_drop: false }`
[INFO] started tweaking git repo https://github.com/AIDXNZ/rust-crdt
[INFO] finished tweaking git repo https://github.com/AIDXNZ/rust-crdt
[INFO] tweaked toml for git repo https://github.com/AIDXNZ/rust-crdt written to /workspace/builds/worker-5-tc1/source/Cargo.toml
[INFO] crate git repo https://github.com/AIDXNZ/rust-crdt already has a lockfile, it will not be regenerated
[INFO] running `Command { std: CARGO_HOME="/workspace/cargo-home" RUSTUP_HOME="/workspace/rustup-home" "/workspace/cargo-home/bin/cargo" "+9610dfe5a9a731ced1ea4923ecbd0c57fe367898" "fetch" "--manifest-path" "Cargo.toml", kill_on_drop: false }`
[INFO] [stderr]     Updating crates.io index
[INFO] [stderr]  Downloading crates ...
[INFO] [stderr]   Downloaded parity-multiaddr v0.7.3
[INFO] [stderr]   Downloaded get_if_addrs-sys v0.1.1
[INFO] [stderr]   Downloaded soketto v0.3.2
[INFO] [stderr]   Downloaded ctr v0.3.2
[INFO] [stderr]   Downloaded wasm-timer v0.2.4
[INFO] [stderr]   Downloaded tonic v0.1.1
[INFO] [stderr]   Downloaded curve25519-dalek v2.0.0
[INFO] [stderr]   Downloaded sha3 v0.8.2
[INFO] [stderr]   Downloaded parity-multihash v0.2.3
[INFO] [stderr]   Downloaded salsa20 v0.3.0
[INFO] [stderr]   Downloaded salsa20-core v0.2.3
[INFO] [stderr]   Downloaded tungstenite v0.10.1
[INFO] [stderr]   Downloaded async-trait v0.1.26
[INFO] [stderr]   Downloaded chacha20-poly1305-aead v0.1.2
[INFO] [stderr]   Downloaded cuckoofilter v0.3.2
[INFO] [stderr]   Downloaded quicksink v0.1.1
[INFO] [stderr]   Downloaded libp2p-deflate v0.16.0
[INFO] [stderr]   Downloaded libp2p-noise v0.16.2
[INFO] [stderr]   Downloaded uint v0.8.2
[INFO] [stderr]   Downloaded libp2p-core-derive v0.16.0
[INFO] [stderr]   Downloaded libp2p-kad v0.16.2
[INFO] [stderr]   Downloaded crdts v2.0.0
[INFO] [stderr]   Downloaded libp2p-mdns v0.16.0
[INFO] [stderr]   Downloaded libp2p-uds v0.16.0
[INFO] [stderr]   Downloaded snow v0.6.2
[INFO] [stderr]   Downloaded libp2p-plaintext v0.16.0
[INFO] [stderr]   Downloaded libp2p-tcp v0.16.0
[INFO] [stderr]   Downloaded libp2p-wasm-ext v0.16.2
[INFO] [stderr]   Downloaded libp2p-mplex v0.16.0
[INFO] [stderr]   Downloaded libp2p-swarm v0.16.1
[INFO] [stderr]   Downloaded libp2p-yamux v0.16.2
[INFO] [stderr]   Downloaded unsigned-varint v0.3.2
[INFO] [stderr]   Downloaded libp2p-dns v0.16.0
[INFO] [stderr]   Downloaded libp2p-floodsub v0.16.0
[INFO] [stderr]   Downloaded libp2p-gossipsub v0.16.0
[INFO] [stderr]   Downloaded libp2p-pnet v0.16.0
[INFO] [stderr]   Downloaded libp2p-core v0.16.0
[INFO] [stderr]   Downloaded protobuf v2.13.0
[INFO] [stderr]   Downloaded aes-ctr v0.3.0
[INFO] [stderr]   Downloaded libp2p-secio v0.16.1
[INFO] [stderr]   Downloaded libp2p-identify v0.16.0
[INFO] [stderr]   Downloaded c_linked_list v1.1.1
[INFO] [stderr]   Downloaded blake2 v0.8.1
[INFO] [stderr]   Downloaded subtle v2.2.2
[INFO] [stderr]   Downloaded multistream-select v0.7.0
[INFO] [stderr]   Downloaded protobuf-codegen v2.13.0
[INFO] [stderr]   Downloaded protoc v2.13.0
[INFO] [stderr]   Downloaded stream-cipher v0.3.2
[INFO] [stderr]   Downloaded twofish v0.2.0
[INFO] [stderr]   Downloaded libp2p-websocket v0.16.0
[INFO] [stderr]   Downloaded yamux v0.4.5
[INFO] [stderr]   Downloaded x25519-dalek v0.6.0
[INFO] [stderr]   Downloaded grpcio-compiler v0.5.0
[INFO] [stderr]   Downloaded protoc-grpcio v1.1.0
[INFO] [stderr]   Downloaded tower-limit v0.3.0
[INFO] [stderr]   Downloaded webpki-roots v0.18.0
[INFO] [stderr]   Downloaded clear_on_drop v0.2.3
[INFO] [stderr]   Downloaded get_if_addrs v0.5.3
[INFO] [stderr]   Downloaded async-tls v0.6.0
[INFO] [stderr]   Downloaded zeroize_derive v1.0.0
[INFO] [stderr]   Downloaded bs58 v0.3.0
[INFO] [stderr]   Downloaded multimap v0.8.0
[INFO] [stderr]   Downloaded prost-types v0.6.1
[INFO] [stderr]   Downloaded async-stream-impl v0.2.1
[INFO] [stderr]   Downloaded async-stream v0.2.1
[INFO] [stderr]   Downloaded ring v0.16.11
[INFO] [stderr]   Downloaded prost-build v0.6.1
[INFO] [stderr]   Downloaded libp2p-ping v0.16.0
[INFO] [stderr]   Downloaded send_wrapper v0.2.0
[INFO] [stderr]   Downloaded libp2p v0.16.2
[INFO] running `Command { std: "docker" "create" "-v" "/var/lib/crater-agent-workspace/builds/worker-5-tc1/target:/opt/rustwide/target:rw,Z" "-v" "/var/lib/crater-agent-workspace/builds/worker-5-tc1/source:/opt/rustwide/workdir:ro,Z" "-v" "/var/lib/crater-agent-workspace/cargo-home:/opt/rustwide/cargo-home:ro,Z" "-v" "/var/lib/crater-agent-workspace/rustup-home:/opt/rustwide/rustup-home:ro,Z" "-e" "SOURCE_DIR=/opt/rustwide/workdir" "-e" "CARGO_TARGET_DIR=/opt/rustwide/target" "-e" "CARGO_HOME=/opt/rustwide/cargo-home" "-e" "RUSTUP_HOME=/opt/rustwide/rustup-home" "-w" "/opt/rustwide/workdir" "-m" "1610612736" "--user" "0:0" "--network" "none" "ghcr.io/rust-lang/crates-build-env/linux@sha256:19e73879b68f455e41552ea35293514db52ea292d993f571636dbffedb77a1ee" "/opt/rustwide/cargo-home/bin/cargo" "+9610dfe5a9a731ced1ea4923ecbd0c57fe367898" "metadata" "--no-deps" "--format-version=1", kill_on_drop: false }`
[INFO] [stdout] de274aab96e1806c3b2d041d9f28b5aaa6811e88c900b9fedad15d1fe49da885
[INFO] running `Command { std: "docker" "start" "-a" "de274aab96e1806c3b2d041d9f28b5aaa6811e88c900b9fedad15d1fe49da885", kill_on_drop: false }`
[INFO] running `Command { std: "docker" "inspect" "de274aab96e1806c3b2d041d9f28b5aaa6811e88c900b9fedad15d1fe49da885", kill_on_drop: false }`
[INFO] running `Command { std: "docker" "rm" "-f" "de274aab96e1806c3b2d041d9f28b5aaa6811e88c900b9fedad15d1fe49da885", kill_on_drop: false }`
[INFO] [stdout] de274aab96e1806c3b2d041d9f28b5aaa6811e88c900b9fedad15d1fe49da885
[INFO] running `Command { std: "docker" "create" "-v" "/var/lib/crater-agent-workspace/builds/worker-5-tc1/target:/opt/rustwide/target:rw,Z" "-v" "/var/lib/crater-agent-workspace/builds/worker-5-tc1/source:/opt/rustwide/workdir:ro,Z" "-v" "/var/lib/crater-agent-workspace/cargo-home:/opt/rustwide/cargo-home:ro,Z" "-v" "/var/lib/crater-agent-workspace/rustup-home:/opt/rustwide/rustup-home:ro,Z" "-e" "SOURCE_DIR=/opt/rustwide/workdir" "-e" "CARGO_TARGET_DIR=/opt/rustwide/target" "-e" "CARGO_INCREMENTAL=0" "-e" "RUST_BACKTRACE=full" "-e" "RUSTFLAGS=--cap-lints=forbid" "-e" "RUSTDOCFLAGS=--cap-lints=forbid" "-e" "CARGO_HOME=/opt/rustwide/cargo-home" "-e" "RUSTUP_HOME=/opt/rustwide/rustup-home" "-w" "/opt/rustwide/workdir" "-m" "1610612736" "--user" "0:0" "--network" "none" "ghcr.io/rust-lang/crates-build-env/linux@sha256:19e73879b68f455e41552ea35293514db52ea292d993f571636dbffedb77a1ee" "/opt/rustwide/cargo-home/bin/cargo" "+9610dfe5a9a731ced1ea4923ecbd0c57fe367898" "check" "--frozen" "--all" "--all-targets" "--message-format=json", kill_on_drop: false }`
[INFO] [stdout] c52fcc3b44a883dae3f8b12152f289e335d960d7a8fa14f8c72b305e5c5b6d55
[INFO] running `Command { std: "docker" "start" "-a" "c52fcc3b44a883dae3f8b12152f289e335d960d7a8fa14f8c72b305e5c5b6d55", kill_on_drop: false }`
[INFO] [stderr]    Compiling log v0.4.8
[INFO] [stderr]    Compiling byteorder v1.3.4
[INFO] [stderr]    Compiling cfg-if v0.1.10
[INFO] [stderr]     Checking futures-core v0.3.4
[INFO] [stderr]    Compiling cc v1.0.50
[INFO] [stderr]    Compiling anyhow v1.0.27
[INFO] [stderr]    Compiling either v1.5.3
[INFO] [stderr]     Checking futures-io v0.3.4
[INFO] [stderr]    Compiling getrandom v0.1.14
[INFO] [stderr]     Checking futures v0.1.29
[INFO] [stderr]     Checking futures-channel v0.3.4
[INFO] [stderr]    Compiling itertools v0.8.2
[INFO] [stderr]    Compiling rand_core v0.5.1
[INFO] [stderr]    Compiling futures-macro v0.3.4
[INFO] [stderr]    Compiling pin-project-internal v0.4.8
[INFO] [stderr]     Checking bytes v0.4.12
[INFO] [stderr]     Checking futures-task v0.3.4
[INFO] [stderr]    Compiling which v3.1.1
[INFO] [stderr]    Compiling ppv-lite86 v0.2.6
[INFO] [stderr]    Compiling rand_pcg v0.2.1
[INFO] [stderr]    Compiling prost-derive v0.6.1
[INFO] [stderr]    Compiling prost-build v0.6.1
[INFO] [stderr]    Compiling bytes v0.5.4
[INFO] [stderr]     Checking tokio-io v0.1.13
[INFO] [stderr]    Compiling indexmap v1.3.2
[INFO] [stderr]    Compiling rand_chacha v0.2.2
[INFO] [stderr]    Compiling rand v0.7.3
[INFO] [stderr]    Compiling remove_dir_all v0.5.2
[INFO] [stderr]    Compiling fixedbitset v0.2.0
[INFO] [stderr]    Compiling multimap v0.8.0
[INFO] [stderr]    Compiling petgraph v0.5.0
[INFO] [stderr]    Compiling ring v0.16.11
[INFO] [stderr]     Checking block-buffer v0.7.3
[INFO] [stderr]     Checking futures-util v0.3.4
[INFO] [stderr]     Checking untrusted v0.7.0
[INFO] [stderr]     Checking subtle v1.0.0
[INFO] [stderr]     Checking crypto-mac v0.7.0
[INFO] [stderr]    Compiling synstructure v0.12.3
[INFO] [stderr]    Compiling tempfile v3.1.0
[INFO] [stderr]     Checking sha2 v0.8.1
[INFO] [stderr]    Compiling serde_derive v1.0.105
[INFO] [stderr]     Checking subtle v2.2.2
[INFO] [stderr]     Checking lock_api v0.3.3
[INFO] [stderr]     Checking keccak v0.1.0
[INFO] [stderr]     Checking pin-project v0.4.8
[INFO] [stderr]    Compiling crunchy v0.2.2
[INFO] [stderr]     Checking sha-1 v0.8.2
[INFO] [stderr]     Checking sha3 v0.8.2
[INFO] [stderr]    Compiling clear_on_drop v0.2.3
[INFO] [stderr]     Checking url v2.1.1
[INFO] [stderr]     Checking blake2 v0.8.1
[INFO] [stderr]    Compiling zeroize_derive v1.0.0
[INFO] [stderr]     Checking hmac v0.7.1
[INFO] [stderr]     Checking parking_lot_core v0.7.0
[INFO] [stderr]    Compiling thiserror-impl v1.0.13
[INFO] [stderr]     Checking parking_lot v0.10.0
[INFO] [stderr]     Checking hmac-drbg v0.2.0
[INFO] [stderr]     Checking futures-executor v0.3.4
[INFO] [stderr]    Compiling asn1_der_derive v0.1.2
[INFO] [stderr]     Checking bs58 v0.3.0
[INFO] [stderr]    Compiling prost v0.6.1
[INFO] [stderr]     Checking futures v0.3.4
[INFO] [stderr]     Checking futures_codec v0.3.4
[INFO] [stderr]     Checking zeroize v1.1.0
[INFO] [stderr]     Checking unsigned-varint v0.3.2
[INFO] [stderr]     Checking curve25519-dalek v2.0.0
[INFO] [stderr]    Compiling prost-types v0.6.1
[INFO] [stderr]     Checking parity-multihash v0.2.3
[INFO] [stderr]     Checking data-encoding v2.2.0
[INFO] [stderr]     Checking asn1_der v0.6.3
[INFO] [stderr]     Checking multistream-select v0.7.0
[INFO] [stderr]     Checking ed25519-dalek v1.0.0-pre.3
[INFO] [stderr]     Checking rw-stream-sink v0.2.1
[INFO] [stderr]     Checking mio v0.6.21
[INFO] [stderr]     Checking libsecp256k1 v0.3.5
[INFO] [stderr]    Compiling maybe-uninit v2.0.0
[INFO] [stderr]    Compiling pkg-config v0.3.17
[INFO] [stderr]     Checking tower-service v0.3.0
[INFO] [stderr]    Compiling parking_lot_core v0.6.2
[INFO] [stderr]     Checking thiserror v1.0.13
[INFO] [stderr]    Compiling parking_lot v0.9.0
[INFO] [stderr]     Checking tokio v0.2.13
[INFO] [stderr]    Compiling crossbeam-utils v0.7.2
[INFO] [stderr]     Checking smallvec v0.6.13
[INFO] [stderr]    Compiling wasm-bindgen-shared v0.2.59
[INFO] [stderr]    Compiling memoffset v0.5.4
[INFO] [stderr]     Checking wasm-timer v0.2.4
[INFO] [stderr]    Compiling crossbeam-epoch v0.8.2
[INFO] [stderr]     Checking tower-layer v0.3.0
[INFO] [stderr]    Compiling bumpalo v3.2.1
[INFO] [stderr]    Compiling wasm-bindgen-backend v0.2.59
[INFO] [stderr]    Compiling openssl-sys v0.9.56
[INFO] [stderr]    Compiling libp2p-core v0.16.0
[INFO] [stderr]    Compiling libz-sys v1.0.25
[INFO] [stderr]     Checking stream-cipher v0.3.2
[INFO] [stderr]    Compiling crc32fast v1.2.0
[INFO] [stderr]     Checking webpki v0.21.2
[INFO] [stderr] The following warnings were emitted during compilation:
[INFO] [stderr] 
[INFO] [stderr] warning: build/expando.c:4:24: error: pasting "RUST_VERSION_OPENSSL_" and "(" does not give a valid preprocessing token
[INFO] [stderr] warning:     4 | #define VERSION2(n, v) RUST_VERSION_##n##_##v
[INFO] [stderr] warning:       |                        ^~~~~~~~~~~~~
[INFO] [stderr] warning: build/expando.c:5:23: note: in expansion of macro 'VERSION2'
[INFO] [stderr] warning:     5 | #define VERSION(n, v) VERSION2(n, v)
[INFO] [stderr] warning:       |                       ^~~~~~~~
[INFO] [stderr] warning: build/expando.c:10:1: note: in expansion of macro 'VERSION'
[INFO] [stderr] warning:    10 | VERSION(OPENSSL, OPENSSL_VERSION_NUMBER)
[INFO] [stderr] warning:       | ^~~~~~~
[INFO] [stderr] 
[INFO] [stderr] error: failed to run custom build command for `openssl-sys v0.9.56`
[INFO] [stderr] note: To improve backtraces for build dependencies, set the CARGO_PROFILE_DEV_BUILD_OVERRIDE_DEBUG=true environment variable to enable debug information generation.
[INFO] [stderr] 
[INFO] [stderr] Caused by:
[INFO] [stderr]   process didn't exit successfully: `/opt/rustwide/target/debug/build/openssl-sys-e0db3cac3ede9750/build-script-main` (exit status: 101)
[INFO] [stderr]   --- stdout
[INFO] [stderr]   cargo:rustc-cfg=const_fn
[INFO] [stderr]   cargo:rerun-if-env-changed=X86_64_UNKNOWN_LINUX_GNU_OPENSSL_LIB_DIR
[INFO] [stderr]   X86_64_UNKNOWN_LINUX_GNU_OPENSSL_LIB_DIR unset
[INFO] [stderr]   cargo:rerun-if-env-changed=OPENSSL_LIB_DIR
[INFO] [stderr]   OPENSSL_LIB_DIR unset
[INFO] [stderr]   cargo:rerun-if-env-changed=X86_64_UNKNOWN_LINUX_GNU_OPENSSL_INCLUDE_DIR
[INFO] [stderr]   X86_64_UNKNOWN_LINUX_GNU_OPENSSL_INCLUDE_DIR unset
[INFO] [stderr]   cargo:rerun-if-env-changed=OPENSSL_INCLUDE_DIR
[INFO] [stderr]   OPENSSL_INCLUDE_DIR unset
[INFO] [stderr]   cargo:rerun-if-env-changed=X86_64_UNKNOWN_LINUX_GNU_OPENSSL_DIR
[INFO] [stderr]   X86_64_UNKNOWN_LINUX_GNU_OPENSSL_DIR unset
[INFO] [stderr]   cargo:rerun-if-env-changed=OPENSSL_DIR
[INFO] [stderr]   OPENSSL_DIR unset
[INFO] [stderr]   cargo:rustc-link-lib=ssl
[INFO] [stderr]   cargo:rustc-link-lib=crypto
[INFO] [stderr]   OPT_LEVEL = Some("0")
[INFO] [stderr]   TARGET = Some("x86_64-unknown-linux-gnu")
[INFO] [stderr]   HOST = Some("x86_64-unknown-linux-gnu")
[INFO] [stderr]   CC_x86_64-unknown-linux-gnu = None
[INFO] [stderr]   CC_x86_64_unknown_linux_gnu = None
[INFO] [stderr]   HOST_CC = None
[INFO] [stderr]   CC = None
[INFO] [stderr]   CFLAGS_x86_64-unknown-linux-gnu = None
[INFO] [stderr]   CFLAGS_x86_64_unknown_linux_gnu = None
[INFO] [stderr]   HOST_CFLAGS = None
[INFO] [stderr]   CFLAGS = None
[INFO] [stderr]   CRATE_CC_NO_DEFAULTS = None
[INFO] [stderr]   DEBUG = Some("true")
[INFO] [stderr]   CARGO_CFG_TARGET_FEATURE = Some("fxsr,sse,sse2")
[INFO] [stderr]   running: "cc" "-O0" "-ffunction-sections" "-fdata-sections" "-fPIC" "-g" "-fno-omit-frame-pointer" "-m64" "-I" "/usr/include" "-Wall" "-Wextra" "-E" "build/expando.c"
[INFO] [stderr]   cargo:warning=build/expando.c:4:24: error: pasting "RUST_VERSION_OPENSSL_" and "(" does not give a valid preprocessing token
[INFO] [stderr]   cargo:warning=    4 | #define VERSION2(n, v) RUST_VERSION_##n##_##v
[INFO] [stderr]   cargo:warning=      |                        ^~~~~~~~~~~~~
[INFO] [stderr]   cargo:warning=build/expando.c:5:23: note: in expansion of macro 'VERSION2'
[INFO] [stderr]   cargo:warning=    5 | #define VERSION(n, v) VERSION2(n, v)
[INFO] [stderr]   cargo:warning=      |                       ^~~~~~~~
[INFO] [stderr]   cargo:warning=build/expando.c:10:1: note: in expansion of macro 'VERSION'
[INFO] [stderr]   cargo:warning=   10 | VERSION(OPENSSL, OPENSSL_VERSION_NUMBER)
[INFO] [stderr]   cargo:warning=      | ^~~~~~~
[INFO] [stderr]   exit status: 1
[INFO] [stderr] 
[INFO] [stderr]   --- stderr
[INFO] [stderr]   thread 'main' panicked at '
[INFO] [stderr]   Header expansion error:
[INFO] [stderr]   Error { kind: ToolExecError, message: "Command \"cc\" \"-O0\" \"-ffunction-sections\" \"-fdata-sections\" \"-fPIC\" \"-g\" \"-fno-omit-frame-pointer\" \"-m64\" \"-I\" \"/usr/include\" \"-Wall\" \"-Wextra\" \"-E\" \"build/expando.c\" with args \"cc\" did not execute successfully (status code exit status: 1)." }
[INFO] [stderr] 
[INFO] [stderr]   Failed to find OpenSSL development headers.
[INFO] [stderr] 
[INFO] [stderr]   You can try fixing this setting the `OPENSSL_DIR` environment variable
[INFO] [stderr]   pointing to your OpenSSL installation or installing OpenSSL headers package
[INFO] [stderr]   specific to your distribution:
[INFO] [stderr] 
[INFO] [stderr]       # On Ubuntu
[INFO] [stderr]       sudo apt-get install libssl-dev
[INFO] [stderr]       # On Arch Linux
[INFO] [stderr]       sudo pacman -S openssl
[INFO] [stderr]       # On Fedora
[INFO] [stderr]       sudo dnf install openssl-devel
[INFO] [stderr] 
[INFO] [stderr]   See rust-openssl README for more information:
[INFO] [stderr] 
[INFO] [stderr]       https://github.com/sfackler/rust-openssl#linux
[INFO] [stderr]   ', /opt/rustwide/cargo-home/registry/src/index.crates.io-6f17d22bba15001f/openssl-sys-0.9.56/build/main.rs:138:13
[INFO] [stderr]   stack backtrace:
[INFO] [stderr]      0:     0x55d387bb9221 - std::backtrace_rs::backtrace::libunwind::trace::h036e87df56fc4b9d
[INFO] [stderr]                                  at /rustc/9610dfe5a9a731ced1ea4923ecbd0c57fe367898/library/std/src/../../backtrace/src/backtrace/libunwind.rs:93:5
[INFO] [stderr]      1:     0x55d387bb9221 - std::backtrace_rs::backtrace::trace_unsynchronized::hd61eb2dbd6ae476a
[INFO] [stderr]                                  at /rustc/9610dfe5a9a731ced1ea4923ecbd0c57fe367898/library/std/src/../../backtrace/src/backtrace/mod.rs:66:5
[INFO] [stderr]      2:     0x55d387bb9221 - std::sys_common::backtrace::_print_fmt::h00c50d0875db23c9
[INFO] [stderr]                                  at /rustc/9610dfe5a9a731ced1ea4923ecbd0c57fe367898/library/std/src/sys_common/backtrace.rs:65:5
[INFO] [stderr]      3:     0x55d387bb9221 - <std::sys_common::backtrace::_print::DisplayBacktrace as core::fmt::Display>::fmt::h63195ab2dde77ccc
[INFO] [stderr]                                  at /rustc/9610dfe5a9a731ced1ea4923ecbd0c57fe367898/library/std/src/sys_common/backtrace.rs:44:22
[INFO] [stderr]      4:     0x55d387bdb13f - core::fmt::rt::Argument::fmt::h83f4110348c688f4
[INFO] [stderr]                                  at /rustc/9610dfe5a9a731ced1ea4923ecbd0c57fe367898/library/core/src/fmt/rt.rs:138:9
[INFO] [stderr]      5:     0x55d387bdb13f - core::fmt::write::h509367dd365f983a
[INFO] [stderr]                                  at /rustc/9610dfe5a9a731ced1ea4923ecbd0c57fe367898/library/core/src/fmt/mod.rs:1094:21
[INFO] [stderr]      6:     0x55d387bb6901 - std::io::Write::write_fmt::h8e60bfebdaabfee5
[INFO] [stderr]                                  at /rustc/9610dfe5a9a731ced1ea4923ecbd0c57fe367898/library/std/src/io/mod.rs:1713:15
[INFO] [stderr]      7:     0x55d387bb9035 - std::sys_common::backtrace::_print::h96e550016098cde6
[INFO] [stderr]                                  at /rustc/9610dfe5a9a731ced1ea4923ecbd0c57fe367898/library/std/src/sys_common/backtrace.rs:47:5
[INFO] [stderr]      8:     0x55d387bb9035 - std::sys_common::backtrace::print::h7a049611b153a02e
[INFO] [stderr]                                  at /rustc/9610dfe5a9a731ced1ea4923ecbd0c57fe367898/library/std/src/sys_common/backtrace.rs:34:9
[INFO] [stderr]      9:     0x55d387bba707 - std::panicking::default_hook::{{closure}}::h1b023d46676794c4
[INFO] [stderr]     10:     0x55d387bba4f4 - std::panicking::default_hook::hea2961dabcf68e83
[INFO] [stderr]                                  at /rustc/9610dfe5a9a731ced1ea4923ecbd0c57fe367898/library/std/src/panicking.rs:288:9
[INFO] [stderr]     11:     0x55d387bbabbc - std::panicking::rust_panic_with_hook::h4285c91a8168b001
[INFO] [stderr]                                  at /rustc/9610dfe5a9a731ced1ea4923ecbd0c57fe367898/library/std/src/panicking.rs:705:13
[INFO] [stderr]     12:     0x55d387bbaab7 - std::panicking::begin_panic_handler::{{closure}}::h6ebd0d46f0c6b010
[INFO] [stderr]                                  at /rustc/9610dfe5a9a731ced1ea4923ecbd0c57fe367898/library/std/src/panicking.rs:597:13
[INFO] [stderr]     13:     0x55d387bb9656 - std::sys_common::backtrace::__rust_end_short_backtrace::h92042d128576b63a
[INFO] [stderr]                                  at /rustc/9610dfe5a9a731ced1ea4923ecbd0c57fe367898/library/std/src/sys_common/backtrace.rs:151:18
[INFO] [stderr]     14:     0x55d387bba802 - rust_begin_unwind
[INFO] [stderr]                                  at /rustc/9610dfe5a9a731ced1ea4923ecbd0c57fe367898/library/std/src/panicking.rs:593:5
[INFO] [stderr]     15:     0x55d387b2c693 - core::panicking::panic_fmt::h65404fc8061ee73a
[INFO] [stderr]                                  at /rustc/9610dfe5a9a731ced1ea4923ecbd0c57fe367898/library/core/src/panicking.rs:67:14
[INFO] [stderr]     16:     0x55d387b30e0f - build_script_main::validate_headers::hcf7684d0cb2ad05b
[INFO] [stderr]     17:     0x55d387b3802d - build_script_main::find_normal::try_pkg_config::h84ae52ffb40b236b
[INFO] [stderr]     18:     0x55d387b36e0a - build_script_main::find_normal::find_openssl_dir::hfc9657e58d324f87
[INFO] [stderr]     19:     0x55d387b36c52 - build_script_main::find_normal::get_openssl::{{closure}}::h8c1c4c08cb6c5160
[INFO] [stderr]     20:     0x55d387b32199 - core::option::Option<T>::unwrap_or_else::h00ccc1595143aa29
[INFO] [stderr]     21:     0x55d387b36a41 - build_script_main::find_normal::get_openssl::h3c296c343d11b7a6
[INFO] [stderr]     22:     0x55d387b2e74d - build_script_main::find_openssl::h11795fccb5cb6dae
[INFO] [stderr]     23:     0x55d387b2e825 - build_script_main::main::ha70d01fffe9a6623
[INFO] [stderr]     24:     0x55d387b38fe3 - core::ops::function::FnOnce::call_once::hd07eb94cffe39e0e
[INFO] [stderr]     25:     0x55d387b39856 - std::sys_common::backtrace::__rust_begin_short_backtrace::h7b025013683a1a50
[INFO] [stderr]     26:     0x55d387b35019 - std::rt::lang_start::{{closure}}::ha8e9c843813f2bbd
[INFO] [stderr]     27:     0x55d387bb2c95 - core::ops::function::impls::<impl core::ops::function::FnOnce<A> for &F>::call_once::h49ef85a8a8d45198
[INFO] [stderr]                                  at /rustc/9610dfe5a9a731ced1ea4923ecbd0c57fe367898/library/core/src/ops/function.rs:284:13
[INFO] [stderr]     28:     0x55d387bb2c95 - std::panicking::try::do_call::ha1def14af693a135
[INFO] [stderr]                                  at /rustc/9610dfe5a9a731ced1ea4923ecbd0c57fe367898/library/std/src/panicking.rs:500:40
[INFO] [stderr]     29:     0x55d387bb2c95 - std::panicking::try::haa3dc2a1139932e2
[INFO] [stderr]                                  at /rustc/9610dfe5a9a731ced1ea4923ecbd0c57fe367898/library/std/src/panicking.rs:464:19
[INFO] [stderr]     30:     0x55d387bb2c95 - std::panic::catch_unwind::h9d9cbebaf9f15c67
[INFO] [stderr]                                  at /rustc/9610dfe5a9a731ced1ea4923ecbd0c57fe367898/library/std/src/panic.rs:142:14
[INFO] [stderr]     31:     0x55d387bb2c95 - std::rt::lang_start_internal::{{closure}}::hf660a772669a69cc
[INFO] [stderr]                                  at /rustc/9610dfe5a9a731ced1ea4923ecbd0c57fe367898/library/std/src/rt.rs:148:48
[INFO] [stderr]     32:     0x55d387bb2c95 - std::panicking::try::do_call::hb1c34715bb9b1c46
[INFO] [stderr]                                  at /rustc/9610dfe5a9a731ced1ea4923ecbd0c57fe367898/library/std/src/panicking.rs:500:40
[INFO] [stderr]     33:     0x55d387bb2c95 - std::panicking::try::h499866fd990da8f1
[INFO] [stderr]                                  at /rustc/9610dfe5a9a731ced1ea4923ecbd0c57fe367898/library/std/src/panicking.rs:464:19
[INFO] [stderr]     34:     0x55d387bb2c95 - std::panic::catch_unwind::hac1ffec55b72e7bc
[INFO] [stderr]                                  at /rustc/9610dfe5a9a731ced1ea4923ecbd0c57fe367898/library/std/src/panic.rs:142:14
[INFO] [stderr]     35:     0x55d387bb2c95 - std::rt::lang_start_internal::h0fecf91cd579e7b6
[INFO] [stderr]                                  at /rustc/9610dfe5a9a731ced1ea4923ecbd0c57fe367898/library/std/src/rt.rs:148:20
[INFO] [stderr]     36:     0x55d387b34ff7 - std::rt::lang_start::hd47624fec65c0b1a
[INFO] [stderr]     37:     0x55d387b31b25 - main
[INFO] [stderr]     38:     0x7fa2f3854d90 - <unknown>
[INFO] [stderr]     39:     0x7fa2f3854e40 - __libc_start_main
[INFO] [stderr]     40:     0x55d387b2ce25 - _start
[INFO] [stderr]     41:                0x0 - <unknown>
[INFO] [stderr] warning: build failed, waiting for other jobs to finish...
[INFO] running `Command { std: "docker" "inspect" "c52fcc3b44a883dae3f8b12152f289e335d960d7a8fa14f8c72b305e5c5b6d55", kill_on_drop: false }`
[INFO] running `Command { std: "docker" "rm" "-f" "c52fcc3b44a883dae3f8b12152f289e335d960d7a8fa14f8c72b305e5c5b6d55", kill_on_drop: false }`
[INFO] [stdout] c52fcc3b44a883dae3f8b12152f289e335d960d7a8fa14f8c72b305e5c5b6d55
